f). Calculate k(6).
-2
Let l(x) = 19*x - 93. Let k be l(5). Let q(s) be the first derivative of -2 + 7/3*s**3 - 1/4*s**4 - k*s - 7/2*s**2. Calculate q(6).
-8
Let r = 8 + -6. Suppose -j = -4*l - 10, 3*j = -4*l - r + 32. Let s = j - 8. Let v(w) = 2*w + 1. Determine v(s).
5
Suppose 2*g + 8 = i, -2 + 6 = -g + 2*i. Let r = 8 + g. Suppose 0*c = r*c + 16. Let q(t) = -t**3 - 4*t**2 + t. Determine q(c).
-4
Let k(y) = y**3 + 2*y**2 - 1. Let m be k(-1). Suppose 2*l = -3*j - 10, m*j + 26 = -3*j + 2*l. Let r(n) = -n**3 - 7*n**2 - 6*n - 6. Determine r(j).
-6
Let j(w) = -1 + 16 - 7 + 2*w. Let p(n) = -n - 4. Let v(f) = -3*j(f) - 5*p(f). Determine v(-8).
4
Let s(v) = -12*v + 6. Let g be s(-1). Suppose 10*t + 22 = -g. Let h(n) = n**2 + 9*n + 4. What is h(t)?
-16
Let c(s) be the third derivative of 0 - 2*s**2 + 0*s + 1/8*s**4 - 1/60*s**5 - 2/3*s**3. Suppose 145 = -94*f + 521. Give c(f).
-8
Let f(z) = z - 1. Suppose 0 = 20*u - 70 - 250. Suppose -x - 5 = 7. Let o = x + u. Determine f(o).
3
Let c(g) be the second derivative of -g**3/6 - 2*g**2 - 2033*g. Let h(o) = -2*o**2 + 2*o - 1. Let i be h(2). What is c(i)?
1
Let l(u) = 63 + 6*u**2 + u**3 - 28*u - 60 + 28*u. Determine l(-6).
3
Let y(m) = -4 - m**2 + 0*m + 3 - 8*m. Let w = 195 + -206. Let b(n) = 2*n**2 + 16*n + 1. Let f(t) = w*y(t) - 6*b(t). Calculate f(-8).
5
Let k = 2346 + -2340. Let y(z) = 0 - z - 3*z - 2 + z**2. What is y(k)?
10
Let x(l) be the first derivative of -l**2/2 + 3*l + 7. Let j = 2 + 3. Suppose j = -w - 4*u, 2*w - 7*w + 7 = 4*u. Give x(w).
0
Let y(u) = -u**2 + 2*u - 2. Let m(z) = z - 9. Let v be m(11). Let d(p) = -11*p**2 - p**3 - 5 + 22*p - 33*p - v. Let t be d(-10). Calculate y(t).
-5
Suppose 0 = -r + 2, -140*r - 2 = -4*y - 145*r. Let w(t) = 13*t**2 + 2*t - 1. Calculate w(y).
47
Let k(b) be the first derivative of -b**3/3 + 5*b**2 + 4*b + 53. Calculate k(10).
4
Let f(m) = -m**3 - 7*m + 0*m + 9*m**2 - 1 + 4 - 2 - m**2. Determine f(7).
1
Suppose -202 = 5*b - 37. Let t = 30 + b. Let q(m) = -m**3 - 4*m**2 + 4. Calculate q(t).
-5
Let r(p) be the third derivative of p**5/60 - 7*p**4/12 + 2*p**3 + 1009*p**2. Determine r(12).
-12
Suppose 0*d - 4 = 2*d. Let p be (0 - d)/(-8)*-52. Let n = -10 + p. Let a(w) = w**2 - w + 4. Calculate a(n).
10
Let o(b) = 5*b - 149. Let w be o(29). Let s(v) = -4*v + 1. What is s(w)?
17
Let u(m) = 9*m**2 + 39*m + 0*m**3 - 47*m + 4*m**3 - m**3 + 2 - 4*m**3. Determine u(7).
44
Let z(u) be the second derivative of u**7/2520 - u**6/120 + u**4/3 - 4*u. Let m(l) be the third derivative of z(l). Let b be (0 - 4/8)*-12. Give m(b).
0
Let u(o) = -407*o + 2 + 408*o - 4 + 3*o**2. Give u(2).
12
Let w(v) = 9*v - 1. Let c(t) = t**3 + 13*t**2 - 11*t + 43. Let y be c(-14). What is w(y)?
8
Suppose -3*m - 31 = -5*u, -u + 8*m - 4*m + 13 = 0. Let k(a) = 2*a - 1. Determine k(u).
9
Suppose 2*x = 5*x + 6. Let o(t) = -11*t - 4. Let s(u) = -13*u - 4. Let j(b) = 4*o(b) - 3*s(b). Let r(n) = -3*n - 2. Let c(w) = -4*j(w) + 7*r(w). Give c(x).
4
Suppose 3*v + 21 = 4*z - 12, 3*z = 5*v + 22. Let j(c) = -c**3 + 9*c**2 + 3*c - 17. Determine j(z).
10
Let t(p) = 3 - p + 11 - 3. Let x(g) = -5*g + 55. Let d(u) = 11*t(u) - 2*x(u). Let c = -12619 + 12624. Give d(c).
6
Let g(f) = f**2 + 3*f + 3. Let i = -5 - -9. Suppose -25 + 5 = -4*v - i*n, 0 = -4*v - 3*n + 17. Suppose -3*m + v*m - 2 = 0. Give g(m).
1
Let n(u) = -3*u - 7. Suppose 0 = 6*k - 36 + 48. Calculate n(k).
-1
Let x(q) = -q - 1. Let u(y) = -3*y + 1. Let k(b) = -u(b) + 2*x(b). Let r be 0 - -2 - (-6 - -11). Give k(r).
-6
Let f(g) be the second derivative of -g**5/20 - 7*g**4/12 + g**2/2 + g. Suppose -l = d - 5*l + 27, 3*l = -5*d - 20. Give f(d).
1
Let w(f) be the first derivative of -f**2/2 - 8*f - 72. What is w(-6)?
-2
Let b(r) = 13*r**2 - 11*r. Let z(k) = -7*k**2 + 5*k. Let q(t) = 4*b(t) + 9*z(t). Suppose 5 + 14 = 4*n - 3*l, -10 = -5*n + l. What is q(n)?
-10
Let w(k) = -k - 2. Let f be w(-2). Let o(h) = -5*h**2 - h + 4*h**2 + 0*h**2 + 4 + f*h. Let b(m) = -m**2 + 6*m + 3. Let j be b(7). Give o(j).
-8
Let x be (-75)/15 - (-2 - 1). Let f(i) = 4*i**2 + 2*i - 2. Give f(x).
10
Let j(i) = -4*i**2 - i + 1. Suppose 0 = -15*v + 10*v - 2*t + 7, 3*t = -3*v + 6. Give j(v).
-4
Let v(x) be the second derivative of -x**3/3 + 23*x**2/2 + 5*x. Let t be v(12). Let h(n) = 3*n**3 + n**2 + 2*n + 1. Determine h(t).
-3
Let l(w) = -w - 7. Suppose h = -5*o - 53, 3*o + 2*h - h + 33 = 0. What is l(o)?
3
Let a(m) = m**2 - 1 + 12*m**3 - 2*m + 0 + 2. Let h = 327 + -326. What is a(h)?
12
Let m(s) = -s + 7. Suppose 2*k + 2 = 3*u + 5, 4*u - 12 = 0. Let y be (10/k)/((-15)/(-54)). Determine m(y).
1
Let b(y) = 30*y + y - 29*y - 1. Calculate b(1).
1
Let i(l) = l**3 + 12*l**2 + 12*l + 13. Let t be i(-11). Let s(n) = n**3 - 5*n**2 + 3*n. What is s(t)?
-6
Let v(b) = -4*b**3 + 4*b**2 + 3*b - 5. Let y(g) = 3*g**3 - 5*g**2 - 4*g + 5. Let m(r) = -4*v(r) - 5*y(r). Determine m(-8).
-5
Let d(g) = -2*g + 4. Let a be d(-3). Let c(y) = 5*y**3 + 9*y**2 + 9*y - 13. Let i(p) = 8*p**3 + 9*p**2 + 8*p - 13. Let n(k) = -3*c(k) + 2*i(k). Calculate n(a).
3
Let x(f) = -f**2 + 2181 - 1087 - 1090 - 9*f. Calculate x(-6).
22
Let j be 34*(21/(-6) - -4). Let t(m) = 18 + m + j - 57 + 20. Give t(-6).
-8
Suppose -2*c + 7*y - 4*y + 27 = 0, -4*c + 5*y = -51. Let l(k) = -c*k - 3*k + 5*k + k + k**2. Let m be l(6). Let p(j) = -j**2 + j + 1. What is p(m)?
1
Let a be 1*5/(-6) + 100/120. Let q(r) = 6*r + 7. What is q(a)?
7
Let q(k) = -k**3 - 8*k**2 - 2*k - 8. Let j(i) = -7*i - 64. Let t be j(-8). What is q(t)?
8
Let w = -1420 + 1420. Let l(t) = -3*t + 14. Let f(h) = -4*h + 21. Let q(m) = 5*f(m) - 7*l(m). Give q(w).
7
Suppose 0 = -2*c + 3*c - 4. Suppose -3*r - r = c. Let z(f) be the second derivative of f**5/5 - f**4/6 - f**3/3 - f**2/2 - 32*f. Calculate z(r).
-5
Let t(s) be the third derivative of s**4/24 - 5*s**3/6 - 7*s**2. Suppose 3*j = 4*j - y - 6, 4 = -2*y. What is t(j)?
-1
Let s be (1*-2 - -4)*2/1. Let t(u) = 4*u**2 - 1. Let l be t(1). Let k(f) = -s*f + f - 5 + f + l*f. Give k(4).
-1
Suppose -3*f + 5*l + 32 = 0, -2*f + 2*l = -0*l - 16. Let v(b) = b - 11. Calculate v(f).
-7
Suppose 1529*r = 1512*r + 119. Let h(p) = -10*p + 9. Determine h(r).
-61
Let h be 5 + (-2)/(4/6). Let w be (-6)/(4/h)*2. Let k(d) = d**2 + 4*d - 2. Let g(f) = -f**2 - 4*f + 2. Let s(y) = -4*g(y) - 5*k(y). What is s(w)?
-10
Suppose 8 = -4*x + 16. Let j(u) = u + 25*u**2 + 2 - 23*u**2 - 3*u. What is j(x)?
6
Let p be 26/3 + 2/(-3). Suppose 5*f - 3*f = 3*a - p, 5*f + 4*a + 20 = 0. Let r(y) = -y**3 - 5*y**2 - 3. Determine r(f).
-19
Let g(a) = -14*a - 23. Let k(j) = 9*j + 15. Let h(v) = -5*g(v) - 8*k(v). Let q(l) = l**2 - l + 12. Let p be q(0). Let r = -17 + p. What is h(r)?
5
Let j be (-5 - -15)/(2*2/4). Let c be 25/j*(12/5)/(-2). Let q(a) = a**3 + 3*a**2 - 3*a + 1. Determine q(c).
10
Let s(m) = m**3 + 4*m**2 - 6*m - 6. Suppose 0*d = 7*d + 413. Let b = d - -54. Calculate s(b).
-1
Let j(t) = -t - 4 + 15 - 3 - 7. Suppose -5*a = 4*x + 5, -2*x = -6*x - 4*a - 4. Determine j(x).
1
Let w(z) = 91 - 43 - 47. Let b(t) = 3 + 3 + 2*t - 1. Let p(k) = b(k) - 4*w(k). Calculate p(1).
3
Let a(d) = -d**3 - 8*d**2 + 3. Let q be a(-8). Suppose 3*o = -q, -o - 3*o - 4 = 5*s. Suppose -x + 1 + 6 = s. Let n(k) = -k**3 + 7*k**2 + k - 5. Calculate n(x).
2
Suppose 0*m + 18 = 3*m. Let c(d) = 2*d - 1303. Let s(v) = -2*v + 1118. Let p(w) = 6*c(w) + 7*s(w). Calculate p(m).
-4
Let n(t) = -3*t**2 + t**2 - 10*t + 3*t**2 + 5. Suppose 0 = -2*d + f + 13, -4 + 19 = 3*f. Determine n(d).
-4
Let m(k) = 2*k**3 - 5*k**2 - 26*k + 8. Let y be m(5). Let t(j) = -j**3 + 4*j**2 - j + 1. Calculate t(y).
7
Let p(a) = -245 - 4*a + 247 - a. Suppose -8*l + 8 = -4*l. What is p(l)?
-8
Let b = 44 + -42. Suppose b*n + 2*z = -2*z + 14, 21 = -n + 5*z. Let h(s) = 7*s**3 - s. Determine h(n).
-6
Let g(w) be the first derivative of -w**3/6 - 3*w**2/2 + 8*w - 2. Let d(v) be the first derivative of g(v). Determine d(-7).
4
Suppose -3*h + 4*i + 636 = -23, 0 = -2*h + 4*i + 438. Let z(t) = h - t - 222 - t. What is z(6)?
-13
Let k(c) = c + 12. Let d be k(-7). Suppose 5*f - 5*x - 50 = 0, d*f - 2*x + 4 - 42 = 0. Let m(v) = f + 10 - 6 - v. Calculate m(7).
3
Suppose -6*x + 4 + 14 = 0. Let q(k) = 4*k + 1. Let g(z) = -7*z - 1. Let u(m) = 3*g(m) + 5*q(m). Determine u(x).
-1
Let a = 562 - 559. Let w(i) = -i**3 - 3*i**2 + 4*i + 4. Let p be w(